{"id":419,"date":"2014-12-15T13:41:20","date_gmt":"2014-12-15T12:41:20","guid":{"rendered":"http:\/\/artefactoarquitectos.es\/?page_id=419"},"modified":"2015-02-18T18:54:01","modified_gmt":"2015-02-18T17:54:01","slug":"i-d","status":"publish","type":"page","link":"http:\/\/artefactoarquitectos.es\/?page_id=419","title":{"rendered":"CIVIS"},"content":{"rendered":"<p><a title=\"Publicaci\u00f3n en Promateriales\" href=\"http:\/\/www.promateriales.com\/pdf\/pm0207.pdf\" target=\"_blank\">Concepto Integral de Vivienda Industrializada y Sistem\u00e1tica<\/a><\/p>\n<p style=\"text-align: justify;\"><span style=\"color: #808080;\">Es un modelo te\u00f3rico que pretendemos aplicar en todos nuestros edificios. Es un concepto, no un sistema. B\u00e1sicamente se puede resumir en que todos nuestros edificios\u00a0tendr\u00e1n\u00a0unos<\/span><\/p>\n<p style=\"text-align: justify;\"><span style=\"color: #808080;\">\u00a0<strong>INVARIANTES:<\/strong><\/span><\/p>\n<ul>\n<li><span style=\"color: #808080;\"><strong>Flexibilidad espacial<\/strong><\/span><\/li>\n<li><span style=\"color: #808080;\"><strong>Industrializaci\u00f3n<\/strong><\/span><\/li>\n<li><span style=\"color: #808080;\"><strong>Independencia instalaciones &#8211; estructura<\/strong><\/span><\/li>\n<li><span style=\"color: #808080;\"><strong>Dise\u00f1o sostenible<\/strong><\/span><\/li>\n<li><span style=\"color: #808080;\"><strong>Econom\u00eda<\/strong><\/span><\/li>\n<\/ul>\n<ul>\n<li><div id='gallery-1' class='gallery galleryid-419 gallery-columns-5 gallery-size-thumbnail'><figure class='gallery-item'>\n\t\t\t<div class='gallery-icon landscape'>\n\t\t\t\t<a href='http:\/\/artefactoarquitectos.es\/?attachment_id=514'><img width=\"150\" height=\"150\" src=\"http:\/\/artefactoarquitectos.es\/wp-content\/uploads\/2014\/12\/Esquema-de-agrupaci\u00f3n-de-m\u00f3dulos-e1419869239643-150x150.jpg\" class=\"attachment-thumbnail size-thumbnail\" alt=\"\" loading=\"lazy\" aria-describedby=\"gallery-1-514\" srcset=\"http:\/\/artefactoarquitectos.es\/wp-content\/uploads\/2014\/12\/Esquema-de-agrupaci\u00f3n-de-m\u00f3dulos-e1419869239643-150x150.jpg 150w, http:\/\/artefactoarquitectos.es\/wp-content\/uploads\/2014\/12\/Esquema-de-agrupaci\u00f3n-de-m\u00f3dulos-e1419869239643-144x144.jpg 144w\" sizes=\"(max-width: 150px) 100vw, 150px\" \/><\/a>\n\t\t\t<\/div>\n\t\t\t\t<figcaption class='wp-caption-text gallery-caption' id='gallery-1-514'>\n\t\t\t\tFlexibilidad espacial\n\t\t\t\t<\/figcaption><\/figure><figure class='gallery-item'>\n\t\t\t<div class='gallery-icon portrait'>\n\t\t\t\t<a href='http:\/\/artefactoarquitectos.es\/?attachment_id=447'><img width=\"150\" height=\"150\" src=\"http:\/\/artefactoarquitectos.es\/wp-content\/uploads\/2014\/12\/Imagen5-150x150.png\" class=\"attachment-thumbnail size-thumbnail\" alt=\"\" loading=\"lazy\" aria-describedby=\"gallery-1-447\" srcset=\"http:\/\/artefactoarquitectos.es\/wp-content\/uploads\/2014\/12\/Imagen5-150x150.png 150w, http:\/\/artefactoarquitectos.es\/wp-content\/uploads\/2014\/12\/Imagen5-144x144.png 144w\" sizes=\"(max-width: 150px) 100vw, 150px\" \/><\/a>\n\t\t\t<\/div>\n\t\t\t\t<figcaption class='wp-caption-text gallery-caption' id='gallery-1-447'>\n\t\t\t\tSistemas industrializados\n\t\t\t\t<\/figcaption><\/figure><figure class='gallery-item'>\n\t\t\t<div class='gallery-icon landscape'>\n\t\t\t\t<a href='http:\/\/artefactoarquitectos.es\/?attachment_id=448'><img width=\"150\" height=\"150\" src=\"http:\/\/artefactoarquitectos.es\/wp-content\/uploads\/2014\/12\/Imagen6-150x150.png\" class=\"attachment-thumbnail size-thumbnail\" alt=\"\" loading=\"lazy\" aria-describedby=\"gallery-1-448\" srcset=\"http:\/\/artefactoarquitectos.es\/wp-content\/uploads\/2014\/12\/Imagen6-150x150.png 150w, http:\/\/artefactoarquitectos.es\/wp-content\/uploads\/2014\/12\/Imagen6-144x144.png 144w\" sizes=\"(max-width: 150px) 100vw, 150px\" \/><\/a>\n\t\t\t<\/div>\n\t\t\t\t<figcaption class='wp-caption-text gallery-caption' id='gallery-1-448'>\n\t\t\t\tIndependencia instalaciones-estructura\n\t\t\t\t<\/figcaption><\/figure><figure class='gallery-item'>\n\t\t\t<div class='gallery-icon portrait'>\n\t\t\t\t<a href='http:\/\/artefactoarquitectos.es\/?attachment_id=454'><img width=\"150\" height=\"150\" src=\"http:\/\/artefactoarquitectos.es\/wp-content\/uploads\/2014\/12\/01-150x150.jpg\" class=\"attachment-thumbnail size-thumbnail\" alt=\"Sistemas sostenibles\" loading=\"lazy\" aria-describedby=\"gallery-1-454\" srcset=\"http:\/\/artefactoarquitectos.es\/wp-content\/uploads\/2014\/12\/01-150x150.jpg 150w, http:\/\/artefactoarquitectos.es\/wp-content\/uploads\/2014\/12\/01-144x144.jpg 144w\" sizes=\"(max-width: 150px) 100vw, 150px\" \/><\/a>\n\t\t\t<\/div>\n\t\t\t\t<figcaption class='wp-caption-text gallery-caption' id='gallery-1-454'>\n\t\t\t\tSistemas sostenibles\n\t\t\t\t<\/figcaption><\/figure><figure class='gallery-item'>\n\t\t\t<div class='gallery-icon landscape'>\n\t\t\t\t<a href='http:\/\/artefactoarquitectos.es\/?attachment_id=455'><img width=\"150\" height=\"150\" src=\"http:\/\/artefactoarquitectos.es\/wp-content\/uploads\/2014\/12\/Plan-de-obra-sistem\u00e1tica-e1418726304118-150x150.jpg\" class=\"attachment-thumbnail size-thumbnail\" alt=\"Plan de obra sistem\u00e1tica\" loading=\"lazy\" aria-describedby=\"gallery-1-455\" srcset=\"http:\/\/artefactoarquitectos.es\/wp-content\/uploads\/2014\/12\/Plan-de-obra-sistem\u00e1tica-e1418726304118-150x150.jpg 150w, http:\/\/artefactoarquitectos.es\/wp-content\/uploads\/2014\/12\/Plan-de-obra-sistem\u00e1tica-e1418726304118-144x144.jpg 144w\" sizes=\"(max-width: 150px) 100vw, 150px\" \/><\/a>\n\t\t\t<\/div>\n\t\t\t\t<figcaption class='wp-caption-text gallery-caption' id='gallery-1-455'>\n\t\t\t\tPlan de obra sistem\u00e1tica\n\t\t\t\t<\/figcaption><\/figure>\n\t\t<\/div>\n<\/li>\n<\/ul>\n<p><span style=\"color: #808080;\">Para que un edificio sea industrializado ser\u00e1n industrializados, al menos, los sistemas de:<\/span><\/p>\n<ul>\n<li><span style=\"color: #808080;\"><strong>Estructura<\/strong><\/span><\/li>\n<li><span style=\"color: #808080;\"><strong>Envolvente<\/strong><\/span><\/li>\n<li><span style=\"color: #808080;\"><strong>Trazado de las instalaciones<\/strong><\/span><\/li>\n<li><span style=\"color: #808080;\"><strong>Compartimentaci\u00f3n interior<\/strong><\/span><\/li>\n<\/ul>\n<ul>\n<li><div id='gallery-2' class='gallery galleryid-419 gallery-columns-4 gallery-size-thumbnail'><figure class='gallery-item'>\n\t\t\t<div class='gallery-icon landscape'>\n\t\t\t\t<a href='http:\/\/artefactoarquitectos.es\/?attachment_id=581'><img width=\"150\" height=\"150\" src=\"http:\/\/artefactoarquitectos.es\/wp-content\/uploads\/2014\/12\/110_1055-150x150.jpg\" class=\"attachment-thumbnail size-thumbnail\" alt=\"\" loading=\"lazy\" aria-describedby=\"gallery-2-581\" srcset=\"http:\/\/artefactoarquitectos.es\/wp-content\/uploads\/2014\/12\/110_1055-150x150.jpg 150w, http:\/\/artefactoarquitectos.es\/wp-content\/uploads\/2014\/12\/110_1055-144x144.jpg 144w\" sizes=\"(max-width: 150px) 100vw, 150px\" \/><\/a>\n\t\t\t<\/div>\n\t\t\t\t<figcaption class='wp-caption-text gallery-caption' id='gallery-2-581'>\n\t\t\t\tEstructura industrializada\n\t\t\t\t<\/figcaption><\/figure><figure class='gallery-item'>\n\t\t\t<div class='gallery-icon landscape'>\n\t\t\t\t<a href='http:\/\/artefactoarquitectos.es\/?attachment_id=478'><img width=\"150\" height=\"150\" src=\"http:\/\/artefactoarquitectos.es\/wp-content\/uploads\/2014\/12\/SIFF-2-150x150.jpg\" class=\"attachment-thumbnail size-thumbnail\" alt=\"SIFF (Sistema Industrializado de Fachada Flotante)\" loading=\"lazy\" aria-describedby=\"gallery-2-478\" srcset=\"http:\/\/artefactoarquitectos.es\/wp-content\/uploads\/2014\/12\/SIFF-2-150x150.jpg 150w, http:\/\/artefactoarquitectos.es\/wp-content\/uploads\/2014\/12\/SIFF-2-144x144.jpg 144w\" sizes=\"(max-width: 150px) 100vw, 150px\" \/><\/a>\n\t\t\t<\/div>\n\t\t\t\t<figcaption class='wp-caption-text gallery-caption' id='gallery-2-478'>\n\t\t\t\tSIFF  (Sistema Industrializado de Fachada Flotante)\n\t\t\t\t<\/figcaption><\/figure><figure class='gallery-item'>\n\t\t\t<div class='gallery-icon landscape'>\n\t\t\t\t<a href='http:\/\/artefactoarquitectos.es\/?attachment_id=480'><img width=\"150\" height=\"150\" src=\"http:\/\/artefactoarquitectos.es\/wp-content\/uploads\/2014\/12\/SIFF-e-instalaciones-150x150.jpg\" class=\"attachment-thumbnail size-thumbnail\" alt=\"\" loading=\"lazy\" aria-describedby=\"gallery-2-480\" srcset=\"http:\/\/artefactoarquitectos.es\/wp-content\/uploads\/2014\/12\/SIFF-e-instalaciones-150x150.jpg 150w, http:\/\/artefactoarquitectos.es\/wp-content\/uploads\/2014\/12\/SIFF-e-instalaciones-144x144.jpg 144w\" sizes=\"(max-width: 150px) 100vw, 150px\" \/><\/a>\n\t\t\t<\/div>\n\t\t\t\t<figcaption class='wp-caption-text gallery-caption' id='gallery-2-480'>\n\t\t\t\tSeparaci\u00f3n instalaciones-estructura\n\t\t\t\t<\/figcaption><\/figure><figure class='gallery-item'>\n\t\t\t<div class='gallery-icon landscape'>\n\t\t\t\t<a href='http:\/\/artefactoarquitectos.es\/?attachment_id=445'><img width=\"150\" height=\"150\" src=\"http:\/\/artefactoarquitectos.es\/wp-content\/uploads\/2014\/12\/Imagen3-e1419868975663-150x150.jpg\" class=\"attachment-thumbnail size-thumbnail\" alt=\"Compartimentaci\u00f3n\" loading=\"lazy\" aria-describedby=\"gallery-2-445\" srcset=\"http:\/\/artefactoarquitectos.es\/wp-content\/uploads\/2014\/12\/Imagen3-e1419868975663-150x150.jpg 150w, http:\/\/artefactoarquitectos.es\/wp-content\/uploads\/2014\/12\/Imagen3-e1419868975663-144x144.jpg 144w\" sizes=\"(max-width: 150px) 100vw, 150px\" \/><\/a>\n\t\t\t<\/div>\n\t\t\t\t<figcaption class='wp-caption-text gallery-caption' id='gallery-2-445'>\n\t\t\t\tCompartimentaci\u00f3n\n\t\t\t\t<\/figcaption><\/figure>\n\t\t<\/div>\n<\/li>\n<\/ul>\n<p><span style=\"color: #808080;\">El resto los m\u00e1s posibles, seg\u00fan las ofertas de la industria<\/span><\/p>\n<p>&nbsp;<\/p>\n<p><strong>\u00a0<\/strong><\/p>\n<p>&nbsp;<\/p>\n<p>&nbsp;<\/p>\n<p>&nbsp;<\/p>\n<p>&nbsp;<\/p>\n<p>&nbsp;<\/p>\n","protected":false},"excerpt":{"rendered":"<p>Concepto Integral de Vivienda Industrializada y Sistem\u00e1tica Es un modelo te\u00f3rico que pretendemos aplicar en todos nuestros edificios. Es un concepto, no un sistema. B\u00e1sicamente se puede resumir en que todos nuestros edificios\u00a0tendr\u00e1n\u00a0unos \u00a0INVARIANTES: Flexibilidad espacial Industrializaci\u00f3n Independencia instalaciones &#8211; estructura Dise\u00f1o sostenible Econom\u00eda Para que un edificio sea industrializado ser\u00e1n industrializados, al menos, los &hellip; <a href=\"http:\/\/artefactoarquitectos.es\/?page_id=419\" class=\"more-link\">Seguir leyendo <span class=\"screen-reader-text\">CIVIS<\/span> <span class=\"meta-nav\">&rarr;<\/span><\/a><\/p>\n","protected":false},"author":1,"featured_media":0,"parent":0,"menu_order":0,"comment_status":"closed","ping_status":"closed","template":"","meta":{"spay_email":""},"jetpack_sharing_enabled":true,"jetpack_shortlink":"https:\/\/wp.me\/P5lvSH-6L","_links":{"self":[{"href":"http:\/\/artefactoarquitectos.es\/index.php?rest_route=\/wp\/v2\/pages\/419"}],"collection":[{"href":"http:\/\/artefactoarquitectos.es\/index.php?rest_route=\/wp\/v2\/pages"}],"about":[{"href":"http:\/\/artefactoarquitectos.es\/index.php?rest_route=\/wp\/v2\/types\/page"}],"author":[{"embeddable":true,"href":"http:\/\/artefactoarquitectos.es\/index.php?rest_route=\/wp\/v2\/users\/1"}],"replies":[{"embeddable":true,"href":"http:\/\/artefactoarquitectos.es\/index.php?rest_route=%2Fwp%2Fv2%2Fcomments&post=419"}],"version-history":[{"count":23,"href":"http:\/\/artefactoarquitectos.es\/index.php?rest_route=\/wp\/v2\/pages\/419\/revisions"}],"predecessor-version":[{"id":877,"href":"http:\/\/artefactoarquitectos.es\/index.php?rest_route=\/wp\/v2\/pages\/419\/revisions\/877"}],"wp:attachment":[{"href":"http:\/\/artefactoarquitectos.es\/index.php?rest_route=%2Fwp%2Fv2%2Fmedia&parent=419"}],"curies":[{"name":"wp","href":"https:\/\/api.w.org\/{rel}","templated":true}]}}